Dec 01 20:05:39.582 INFO testing davidB/ffizer against master#8940af3cea4a9a9deabcaf843b2f8cad9a83fc61 for beta-1.31-5
Dec 01 20:05:39.582 INFO running `"docker" "create" "-v" "/mnt/big/crater/work/local/target-dirs/beta-1.31-5/worker-1/master#8940af3cea4a9a9deabcaf843b2f8cad9a83fc61:/target:rw,Z" "-v" "/mnt/big/crater/work/local/test-source/worker-1/beta-1.31-5/master#8940af3cea4a9a9deabcaf843b2f8cad9a83fc61:/source:ro,Z" "-v" "/mnt/big/crater/work/local/cargo-home:/cargo-home:ro,Z" "-v" "/mnt/big/crater/work/local/rustup-home:/rustup-home:ro,Z" "-e" "USER_ID=1000" "-e" "SOURCE_DIR=/source" "-e" "USER_ID=1000" "-e" "CMD=cargo +8940af3cea4a9a9deabcaf843b2f8cad9a83fc61-alt build --frozen" "-e" "CARGO_TARGET_DIR=/target" "-e" "CARGO_INCREMENTAL=0" "-e" "RUST_BACKTRACE=full" "-e" "RUSTFLAGS=--cap-lints=warn" "-e" "CARGO_HOME=/cargo-home" "-e" "RUSTUP_HOME=/rustup-home" "-m" "1536M" "--network" "none" "crater"`
Dec 01 20:05:40.178 INFO [stdout] dfd27a56d6de79e61f8532821971064559d3c583bde445d84b428c62c9373806
Dec 01 20:05:40.181 INFO running `"docker" "start" "-a" "dfd27a56d6de79e61f8532821971064559d3c583bde445d84b428c62c9373806"`
Dec 01 20:05:41.699 INFO [stderr] usermod: no changes
Dec 01 20:05:42.263 INFO [stderr]    Compiling slog v2.4.1
Dec 01 20:05:42.285 INFO [stderr]    Compiling directories v1.0.2
Dec 01 20:05:42.290 INFO [stderr]    Compiling clicolors-control v0.3.0
Dec 01 20:05:42.290 INFO [stderr]    Compiling curl-sys v0.4.15
Dec 01 20:05:42.296 INFO [stderr]    Compiling tokio-io v0.1.10
Dec 01 20:05:42.296 INFO [stderr]    Compiling http v0.1.14
Dec 01 20:05:42.327 INFO [stderr]    Compiling libz-sys v1.0.25
Dec 01 20:05:42.327 INFO [stderr]    Compiling libssh2-sys v0.2.11
Dec 01 20:05:45.551 INFO [stderr]    Compiling syn v0.15.21
Dec 01 20:05:45.567 INFO [stderr]    Compiling chrono v0.4.6
Dec 01 20:05:48.424 INFO [stderr]    Compiling parking_lot v0.6.4
Dec 01 20:05:48.425 INFO [stderr]    Compiling rand v0.6.1
Dec 01 20:05:48.470 INFO [stderr]    Compiling Inflector v0.11.3
Dec 01 20:05:52.129 INFO [stderr]    Compiling globset v0.4.2
Dec 01 20:06:03.432 INFO [stderr]    Compiling tokio-codec v0.1.1
Dec 01 20:06:03.499 INFO [stderr]    Compiling tokio-reactor v0.1.7
Dec 01 20:06:03.829 INFO [stderr]    Compiling console v0.7.0
Dec 01 20:06:09.953 INFO [stderr]    Compiling libgit2-sys v0.7.10
Dec 01 20:06:09.971 INFO [stderr]    Compiling tokio-threadpool v0.1.9
Dec 01 20:06:10.043 INFO [stderr]    Compiling slog-term v2.4.0
Dec 01 20:06:17.059 INFO [stderr]    Compiling slog-async v2.3.0
Dec 01 20:06:24.159 INFO [stderr]    Compiling indicatif v0.10.1
Dec 01 20:06:24.187 INFO [stderr]    Compiling dialoguer v0.3.0
Dec 01 20:06:24.281 INFO [stderr]    Compiling tokio-udp v0.1.3
Dec 01 20:06:24.287 INFO [stderr]    Compiling tokio-tcp v0.1.2
Dec 01 20:06:24.499 INFO [stderr]    Compiling tokio-uds v0.2.4
Dec 01 20:06:31.985 INFO [stderr]    Compiling tokio-fs v0.1.4
Dec 01 20:06:33.078 INFO [stderr]    Compiling h2 v0.1.13
Dec 01 20:06:33.711 INFO [stderr]    Compiling serde_derive v1.0.80
Dec 01 20:06:33.711 INFO [stderr]    Compiling synstructure v0.10.1
Dec 01 20:06:33.711 INFO [stderr]    Compiling structopt-derive v0.2.13
Dec 01 20:06:37.039 INFO [stderr]    Compiling tokio v0.1.13
Dec 01 20:06:44.970 INFO [stderr]    Compiling failure_derive v0.1.3
Dec 01 20:06:48.588 INFO [stderr]    Compiling hyper v0.12.16
Dec 01 20:06:51.565 INFO [stderr]    Compiling structopt v0.2.13
Dec 01 20:06:55.391 INFO [stderr]    Compiling failure v0.1.3
Dec 01 20:07:05.703 INFO [stderr]    Compiling serde v1.0.80
Dec 01 20:07:06.378 INFO [stderr]    Compiling hyper-tls v0.3.1
Dec 01 20:07:15.787 INFO [stderr]    Compiling git2 v0.7.5
Dec 01 20:07:23.188 INFO [stderr]    Compiling serde_json v1.0.33
Dec 01 20:07:23.188 INFO [stderr]    Compiling serde_urlencoded v0.5.4
Dec 01 20:07:23.188 INFO [stderr]    Compiling serde_yaml v0.8.7
Dec 01 20:07:34.729 INFO [stderr]    Compiling reqwest v0.9.5
Dec 01 20:07:34.729 INFO [stderr]    Compiling handlebars v1.1.0
Dec 01 20:07:52.155 INFO [stderr]    Compiling ffizer v0.6.0 (/source)
Dec 01 20:08:18.483 INFO [stderr]     Finished dev [unoptimized + debuginfo] target(s) in 2m 36s
Dec 01 20:08:18.511 INFO [stderr] su: No module specific data is present
Dec 01 20:08:19.604 INFO running `"docker" "inspect" "dfd27a56d6de79e61f8532821971064559d3c583bde445d84b428c62c9373806"`
Dec 01 20:08:19.893 INFO running `"docker" "rm" "-f" "dfd27a56d6de79e61f8532821971064559d3c583bde445d84b428c62c9373806"`
Dec 01 20:08:20.251 INFO [stdout] dfd27a56d6de79e61f8532821971064559d3c583bde445d84b428c62c9373806
Dec 01 20:08:20.257 INFO running `"docker" "create" "-v" "/mnt/big/crater/work/local/target-dirs/beta-1.31-5/worker-1/master#8940af3cea4a9a9deabcaf843b2f8cad9a83fc61:/target:rw,Z" "-v" "/mnt/big/crater/work/local/test-source/worker-1/beta-1.31-5/master#8940af3cea4a9a9deabcaf843b2f8cad9a83fc61:/source:ro,Z" "-v" "/mnt/big/crater/work/local/cargo-home:/cargo-home:ro,Z" "-v" "/mnt/big/crater/work/local/rustup-home:/rustup-home:ro,Z" "-e" "USER_ID=1000" "-e" "SOURCE_DIR=/source" "-e" "USER_ID=1000" "-e" "CMD=cargo +8940af3cea4a9a9deabcaf843b2f8cad9a83fc61-alt test --frozen --no-run" "-e" "CARGO_TARGET_DIR=/target" "-e" "CARGO_INCREMENTAL=0" "-e" "RUST_BACKTRACE=full" "-e" "RUSTFLAGS=--cap-lints=warn" "-e" "CARGO_HOME=/cargo-home" "-e" "RUSTUP_HOME=/rustup-home" "-m" "1536M" "--network" "none" "crater"`
Dec 01 20:08:20.823 INFO [stdout] e4899e08b15935be8b72b58c06f64441d3fb0d6b8d9b0639bdaeff1709fecac9
Dec 01 20:08:20.825 INFO running `"docker" "start" "-a" "e4899e08b15935be8b72b58c06f64441d3fb0d6b8d9b0639bdaeff1709fecac9"`
Dec 01 20:08:22.629 INFO [stderr] usermod: no changes
Dec 01 20:08:23.147 INFO [stderr]    Compiling tempfile v3.0.5
Dec 01 20:08:23.147 INFO [stderr]    Compiling escargot v0.3.1
Dec 01 20:08:26.687 INFO [stderr]    Compiling assert_cmd v0.10.2
Dec 01 20:08:28.764 INFO [stderr]    Compiling ffizer v0.6.0 (/source)
Dec 01 20:08:56.392 INFO [stderr]     Finished dev [unoptimized + debuginfo] target(s) in 33.74s
Dec 01 20:08:56.430 INFO [stderr] su: No module specific data is present
Dec 01 20:08:57.143 INFO running `"docker" "inspect" "e4899e08b15935be8b72b58c06f64441d3fb0d6b8d9b0639bdaeff1709fecac9"`
Dec 01 20:08:57.401 INFO running `"docker" "rm" "-f" "e4899e08b15935be8b72b58c06f64441d3fb0d6b8d9b0639bdaeff1709fecac9"`
Dec 01 20:08:57.795 INFO [stdout] e4899e08b15935be8b72b58c06f64441d3fb0d6b8d9b0639bdaeff1709fecac9
Dec 01 20:08:57.797 INFO running `"docker" "create" "-v" "/mnt/big/crater/work/local/target-dirs/beta-1.31-5/worker-1/master#8940af3cea4a9a9deabcaf843b2f8cad9a83fc61:/target:rw,Z" "-v" "/mnt/big/crater/work/local/test-source/worker-1/beta-1.31-5/master#8940af3cea4a9a9deabcaf843b2f8cad9a83fc61:/source:ro,Z" "-v" "/mnt/big/crater/work/local/cargo-home:/cargo-home:ro,Z" "-v" "/mnt/big/crater/work/local/rustup-home:/rustup-home:ro,Z" "-e" "USER_ID=1000" "-e" "SOURCE_DIR=/source" "-e" "USER_ID=1000" "-e" "CMD=cargo +8940af3cea4a9a9deabcaf843b2f8cad9a83fc61-alt test --frozen" "-e" "CARGO_TARGET_DIR=/target" "-e" "CARGO_INCREMENTAL=0" "-e" "RUST_BACKTRACE=full" "-e" "RUSTFLAGS=--cap-lints=warn" "-e" "CARGO_HOME=/cargo-home" "-e" "RUSTUP_HOME=/rustup-home" "-m" "1536M" "--network" "none" "crater"`
Dec 01 20:08:58.291 INFO [stdout] f7eb5765276dfe76553ce1040d603524c86838e1164890c0d44d19763d0c2c4d
Dec 01 20:08:58.294 INFO running `"docker" "start" "-a" "f7eb5765276dfe76553ce1040d603524c86838e1164890c0d44d19763d0c2c4d"`
Dec 01 20:08:59.627 INFO [stderr] usermod: no changes
Dec 01 20:09:00.025 INFO [stderr]     Finished dev [unoptimized + debuginfo] target(s) in 0.37s
Dec 01 20:09:00.049 INFO [stderr]      Running /target/debug/deps/ffizer-6ef4752e06ef9047
Dec 01 20:09:00.056 INFO [stdout] 
Dec 01 20:09:00.056 INFO [stdout] running 10 tests
Dec 01 20:09:00.144 INFO [stdout] test template_cfg::tests::test_deserialize_cfg_yaml ... ok
Dec 01 20:09:00.160 INFO [stdout] test tests::test_compute_dst_path_ffizer_handlebars ... ok
Dec 01 20:09:00.160 INFO [stdout] test tests::test_compute_dst_path_asis ... ok
Dec 01 20:09:00.167 INFO [stdout] test tests::test_cmp_path_for_plan ... ok
Dec 01 20:09:00.167 INFO [stdout] test tests::test_compute_dst_path_rendered_filename ... ok
Dec 01 20:09:00.183 INFO [stdout] test tests::test_path_extension_extraction ... ok
Dec 01 20:09:00.183 INFO [stdout] test tests::test_is_ffizer_handlebars ... ok
Dec 01 20:09:00.187 INFO [stdout] test tests::test_compute_dst_path_rendered_folder ... ok
Dec 01 20:09:00.219 INFO [stdout] test source_uri::tests::test_source_uri_from_str ... ok
Dec 01 20:09:00.554 INFO [stdout] test hbs::tests::test_register_string_helpers ... ok
Dec 01 20:09:00.554 INFO [stdout] 
Dec 01 20:09:00.554 INFO [stdout] test result: ok. 10 passed; 0 failed; 0 ignored; 0 measured; 0 filtered out
Dec 01 20:09:00.554 INFO [stdout] 
Dec 01 20:09:00.557 INFO [stderr]      Running /target/debug/deps/ffizer-065e381529b836f7
Dec 01 20:09:00.560 INFO [stdout] 
Dec 01 20:09:00.560 INFO [stdout] running 0 tests
Dec 01 20:09:00.560 INFO [stdout] 
Dec 01 20:09:00.561 INFO [stdout] test result: ok. 0 passed; 0 failed; 0 ignored; 0 measured; 0 filtered out
Dec 01 20:09:00.561 INFO [stdout] 
Dec 01 20:09:00.562 INFO [stderr]      Running /target/debug/deps/dir_diff-a616e2a461315864
Dec 01 20:09:00.565 INFO [stdout] 
Dec 01 20:09:00.565 INFO [stdout] running 0 tests
Dec 01 20:09:00.565 INFO [stdout] 
Dec 01 20:09:00.565 INFO [stdout] test result: ok. 0 passed; 0 failed; 0 ignored; 0 measured; 0 filtered out
Dec 01 20:09:00.565 INFO [stdout] 
Dec 01 20:09:00.572 INFO [stderr]      Running /target/debug/deps/e2e-f6093ea0cabe6b87
Dec 01 20:09:00.607 INFO [stdout] 
Dec 01 20:09:00.607 INFO [stdout] running 3 tests
Dec 01 20:10:00.634 INFO [stdout] test test_1_subfolder ... test test_1_subfolder has been running for over 60 seconds
Dec 01 20:10:00.634 INFO [stdout] test test_1 ... test test_1 has been running for over 60 seconds
Dec 01 20:10:00.634 INFO [stdout] test empty_template ... test empty_template has been running for over 60 seconds
Dec 01 20:14:54.904 INFO [stdout] test empty_template ... ok
Dec 01 20:14:55.204 INFO [stdout] 
Dec 01 20:14:55.204 INFO [stdout] 
Dec 01 20:14:55.204 INFO [stdout] Plan to execute
Dec 01 20:14:55.204 INFO [stdout] 
Dec 01 20:14:55.204 INFO [stdout]    - keep "/tmp/.tmpV5g1Xo/"
Dec 01 20:14:55.205 INFO [stdout]    - copyraw "/tmp/.tmpV5g1Xo/file_1_1.txt"
Dec 01 20:14:55.227 INFO [stdout] test test_1_subfolder ... ok
Dec 01 20:14:55.978 INFO [stdout] test test_1 ... FAILED
Dec 01 20:14:55.979 INFO [stdout] 
Dec 01 20:14:55.979 INFO [stdout] failures:
Dec 01 20:14:55.979 INFO [stdout] 
Dec 01 20:14:55.980 INFO [stdout] ---- test_1 stdout ----
Dec 01 20:14:55.980 INFO [stdout] thread 'test_1' panicked at 'Unexpected failure.
Dec 01 20:14:55.980 INFO [stdout] code-101
Dec 01 20:14:55.980 INFO [stdout] stderr=```thread 'main' panicked at 'TODO: RenderError(RenderError { desc: "Variable \"project_name\" not found in strict mode.", template_name: None, line_no: Some(1), column_no: Some(7), cause: None })
Dec 01 20:14:55.980 INFO [stdout] 
Dec 01 20:14:55.980 INFO [stdout] stack backtrace:
Dec 01 20:14:55.980 INFO [stdout]    0:     0x563aaafce9b6 - backtrace::backtrace::libunwind::trace::had4ebf0a94b8591b
Dec 01 20:14:55.980 INFO [stdout]                         at /cargo-home/registry/src/github.com-1ecc6299db9ec823/backtrace-0.3.9/src/backtrace/libunwind.rs:53
Dec 01 20:14:55.981 INFO [stdout]                          - backtrace::backtrace::trace::h659d7626af6f8eb7
Dec 01 20:14:55.981 INFO [stdout]                         at /cargo-home/registry/src/github.com-1ecc6299db9ec823/backtrace-0.3.9/src/backtrace/mod.rs:42
Dec 01 20:14:55.981 INFO [stdout]    1:     0x563aaafc9073 - backtrace::capture::Backtrace::new_unresolved::h813232bb4d6800de
Dec 01 20:14:55.981 INFO [stdout]                         at /cargo-home/registry/src/github.com-1ecc6299db9ec823/backtrace-0.3.9/src/capture.rs:88
Dec 01 20:14:55.981 INFO [stdout]    2:     0x563aaafc79d3 - failure::backtrace::internal::InternalBacktrace::new::h6bc8b949faa1e221
Dec 01 20:14:55.981 INFO [stdout]                         at /cargo-home/registry/src/github.com-1ecc6299db9ec823/failure-0.1.3/src/backtrace/internal.rs:44
Dec 01 20:14:55.981 INFO [stdout]    3:     0x563aaafc6edc - failure::backtrace::Backtrace::new::hf51fba118ef80f03
Dec 01 20:14:55.981 INFO [stdout]                         at /cargo-home/registry/src/github.com-1ecc6299db9ec823/failure-0.1.3/src/backtrace/mod.rs:111
Dec 01 20:14:55.981 INFO [stdout]    4:     0x563aaa365ab9 - <failure::error::error_impl::ErrorImpl as core::convert::From<F>>::from::hc48734ac540f383b
Dec 01 20:14:55.981 INFO [stdout]                         at /cargo-home/registry/src/github.com-1ecc6299db9ec823/failure-0.1.3/src/error/error_impl.rs:19
Dec 01 20:14:55.981 INFO [stdout]    5:     0x563aaa310347 - <failure::error::Error as core::convert::From<F>>::from::ha483d1596e9578cd
Dec 01 20:14:55.981 INFO [stdout]                         at /cargo-home/registry/src/github.com-1ecc6299db9ec823/failure-0.1.3/src/error/mod.rs:36
Dec 01 20:14:55.981 INFO [stdout]    6:     0x563aaa320167 - ffizer::compute_dst_path::{{closure}}::hf3be503c9e138991
Dec 01 20:14:55.981 INFO [stdout]                         at src/lib.rs:272
Dec 01 20:14:55.981 INFO [stdout]    7:     0x563aaa330174 - <core::result::Result<T, E>>::and_then::hb3812ed1ee7f591c
Dec 01 20:14:55.981 INFO [stdout]                         at libcore/result.rs:647
Dec 01 20:14:55.981 INFO [stdout]    8:     0x563aaa31f3eb - ffizer::compute_dst_path::h5d7bb24ebaf691f6
Dec 01 20:14:55.981 INFO [stdout]                         at src/lib.rs:266
Dec 01 20:14:55.981 INFO [stdout]    9:     0x563aaa31c14c - ffizer::plan::{{closure}}::hf6c9555975517027
Dec 01 20:14:55.981 INFO [stdout]                         at src/lib.rs:122
Dec 01 20:14:55.981 INFO [stdout]   10:     0x563aaa327388 - <core::iter::Map<I, F> as core::iter::iterator::Iterator>::fold::{{closure}}::h6f1aee62df13bbdf
Dec 01 20:14:55.981 INFO [stdout]                         at libcore/iter/mod.rs:1345
Dec 01 20:14:55.981 INFO [stdout]   11:     0x563aaa363989 - core::iter::iterator::Iterator::fold::{{closure}}::h8bc5ff6a1c647513
Dec 01 20:14:55.981 INFO [stdout]                         at libcore/iter/iterator.rs:1695
Dec 01 20:14:55.981 INFO [stdout]   12:     0x563aaa2f1730 - core::iter::iterator::Iterator::try_fold::h59a939cd071be244
Dec 01 20:14:55.981 INFO [stdout]                         at libcore/iter/iterator.rs:1583
Dec 01 20:14:55.981 INFO [stdout]   13:     0x563aaa2f14bf - core::iter::iterator::Iterator::fold::h27aebae24364ea2c
Dec 01 20:14:55.981 INFO [stdout]                         at libcore/iter/iterator.rs:1695
Dec 01 20:14:55.981 INFO [stdout]   14:     0x563aaa327286 - <core::iter::Map<I, F> as core::iter::iterator::Iterator>::fold::h9404514084646063
Dec 01 20:14:55.981 INFO [stdout]                         at libcore/iter/mod.rs:1345
Dec 01 20:14:55.981 INFO [stdout]   15:     0x563aaa32383e - core::iter::iterator::Iterator::for_each::h022ebd981e18dabe
Dec 01 20:14:55.981 INFO [stdout]                         at libcore/iter/iterator.rs:614
Dec 01 20:14:55.981 INFO [stdout]   16:     0x563aaa2f36c0 - <alloc::vec::Vec<T> as alloc::vec::SpecExtend<T, I>>::spec_extend::h01065ec041567a8c
Dec 01 20:14:55.981 INFO [stdout]                         at liballoc/vec.rs:1831
Dec 01 20:14:55.981 INFO [stdout]   17:     0x563aaa2f4033 - <alloc::vec::Vec<T> as alloc::vec::SpecExtend<T, I>>::from_iter::hee0262ef113e0912
Dec 01 20:14:55.981 INFO [stdout]                         at liballoc/vec.rs:1814
Dec 01 20:14:55.981 INFO [stdout]   18:     0x563aaa2f40fa - <alloc::vec::Vec<T> as core::iter::traits::FromIterator<T>>::from_iter::h571ca7d51f18d5ee
Dec 01 20:14:55.981 INFO [stdout]                         at liballoc/vec.rs:1700
Dec 01 20:14:55.981 INFO [stdout]   19:     0x563aaa32374a - core::iter::iterator::Iterator::collect::h10feae2e0d17bf09
Dec 01 20:14:55.981 INFO [stdout]                         at libcore/iter/iterator.rs:1476
Dec 01 20:14:55.981 INFO [stdout]   20:     0x563aaa31bed7 - ffizer::plan::h0524563211d7a7fa
Dec 01 20:14:55.981 INFO [stdout]                         at src/lib.rs:119
Dec 01 20:14:55.981 INFO [stdout]   21:     0x563aaa31b78f - ffizer::process::h987f31e15e0ff944
Dec 01 20:14:55.981 INFO [stdout]                         at src/lib.rs:105
Dec 01 20:14:55.981 INFO [stdout]   22:     0x563aaa23979e - ffizer::main::hbc4bc02060eb9710
Dec 01 20:14:55.981 INFO [stdout]                         at src/main.rs:38
Dec 01 20:14:55.981 INFO [stdout]   23:     0x563aaa23f2ef - std::rt::lang_start::{{closure}}::h0bb8b75a524c5f14
Dec 01 20:14:55.981 INFO [stdout]                         at libstd/rt.rs:74
Dec 01 20:14:55.981 INFO [stdout]   24:     0x563aab00e642 - std::rt::lang_start_internal::{{closure}}::h2e176feebc4ae499
Dec 01 20:14:55.981 INFO [stdout]                         at libstd/rt.rs:59
Dec 01 20:14:55.981 INFO [stdout]                          - std::panicking::try::do_call::h52e7f80ff0fdcc45
Dec 01 20:14:55.981 INFO [stdout]                         at libstd/panicking.rs:310
Dec 01 20:14:55.981 INFO [stdout]   25:     0x563aab020c19 - __rust_maybe_catch_panic
Dec 01 20:14:55.981 INFO [stdout]                         at libpanic_unwind/lib.rs:102
Dec 01 20:14:55.981 INFO [stdout]   26:     0x563aaaff30ea - std::panicking::try::hf1fde00385764432
Dec 01 20:14:55.981 INFO [stdout]                         at libstd/panicking.rs:289
Dec 01 20:14:55.981 INFO [stdout]                          - std::panic::catch_unwind::h924739d5c4bcd80a
Dec 01 20:14:55.981 INFO [stdout]                         at libstd/panic.rs:392
Dec 01 20:14:55.981 INFO [stdout]                          - std::rt::lang_start_internal::h38cae898de7f805c
Dec 01 20:14:55.981 INFO [stdout]                         at libstd/rt.rs:58
Dec 01 20:14:55.981 INFO [stdout]   27:     0x563aaa23f2c8 - std::rt::lang_start::ha1ff3619cd5eddf5
Dec 01 20:14:55.981 INFO [stdout]                         at libstd/rt.rs:74
Dec 01 20:14:55.981 INFO [stdout]   28:     0x563aaa2398e9 - main
Dec 01 20:14:55.981 INFO [stdout]   29:     0x7f292a49682f - __libc_start_main
Dec 01 20:14:55.981 INFO [stdout]   30:     0x563aaa22ed98 - _start
Dec 01 20:14:55.981 INFO [stdout]   31:                0x0 - <unknown>', libcore/result.rs:1009:5
Dec 01 20:14:55.981 INFO [stdout] stack backtrace:
Dec 01 20:14:55.981 INFO [stdout]    0:     0x563aab0087ff - std::sys::unix::backtrace::tracing::imp::unwind_backtrace::h3a8b83e1922cbdde
Dec 01 20:14:55.981 INFO [stdout]                                at libstd/sys/unix/backtrace/tracing/gcc_s.rs:49
Dec 01 20:14:55.981 INFO [stdout]    1:     0x563aab015c67 - std::sys_common::backtrace::print::h00d3155a29b4020f
Dec 01 20:14:55.981 INFO [stdout]                                at libstd/sys_common/backtrace.rs:71
Dec 01 20:14:55.981 INFO [stdout]                                at libstd/sys_common/backtrace.rs:59
Dec 01 20:14:55.981 INFO [stdout]    2:     0x563aab00e53f - std::panicking::default_hook::{{closure}}::hd7465c742e79e1bb
Dec 01 20:14:55.981 INFO [stdout]                                at libstd/panicking.rs:211
Dec 01 20:14:55.981 INFO [stdout]    3:     0x563aab00e2a4 - std::panicking::default_hook::h9e3966f2aa2a6e12
Dec 01 20:14:55.981 INFO [stdout]                                at libstd/panicking.rs:227
Dec 01 20:14:55.981 INFO [stdout]    4:     0x563aab00ec1e - std::panicking::rust_panic_with_hook::h587f091ae747d080
Dec 01 20:14:55.981 INFO [stdout]                                at libstd/panicking.rs:476
Dec 01 20:14:55.981 INFO [stdout]    5:     0x563aab00e7c1 - std::panicking::continue_panic_fmt::hb3a4fdede87f43a8
Dec 01 20:14:55.981 INFO [stdout]                                at libstd/panicking.rs:390
Dec 01 20:14:55.981 INFO [stdout]    6:     0x563aab00e6a5 - rust_begin_unwind
Dec 01 20:14:55.981 INFO [stdout]                                at libstd/panicking.rs:325
Dec 01 20:14:55.981 INFO [stdout]    7:     0x563aab05897c - core::panicking::panic_fmt::h6f9cebf5e7474a0b
Dec 01 20:14:55.981 INFO [stdout]                                at libcore/panicking.rs:77
Dec 01 20:14:55.981 INFO [stdout]    8:     0x563aaa330f8a - core::result::unwrap_failed::h92e883bf78e95644
Dec 01 20:14:55.982 INFO [stdout]                                at libcore/macros.rs:26
Dec 01 20:14:55.982 INFO [stdout]    9:     0x563aaa32b349 - <core::result::Result<T, E>>::expect::h37fadbdd3ade5b19
Dec 01 20:14:55.982 INFO [stdout]                                at libcore/result.rs:835
Dec 01 20:14:55.982 INFO [stdout]   10:     0x563aaa31c17f - ffizer::plan::{{closure}}::hf6c9555975517027
Dec 01 20:14:55.982 INFO [stdout]                                at src/lib.rs:122
Dec 01 20:14:55.982 INFO [stdout]   11:     0x563aaa327388 - <core::iter::Map<I, F> as core::iter::iterator::Iterator>::fold::{{closure}}::h6f1aee62df13bbdf
Dec 01 20:14:55.982 INFO [stdout]                                at libcore/iter/mod.rs:1345
Dec 01 20:14:55.982 INFO [stdout]   12:     0x563aaa363989 - core::iter::iterator::Iterator::fold::{{closure}}::h8bc5ff6a1c647513
Dec 01 20:14:55.982 INFO [stdout]                                at libcore/iter/iterator.rs:1695
Dec 01 20:14:55.982 INFO [stdout]   13:     0x563aaa2f1730 - core::iter::iterator::Iterator::try_fold::h59a939cd071be244
Dec 01 20:14:55.982 INFO [stdout]                                at libcore/iter/iterator.rs:1583
Dec 01 20:14:55.982 INFO [stdout]   14:     0x563aaa2f14bf - core::iter::iterator::Iterator::fold::h27aebae24364ea2c
Dec 01 20:14:55.982 INFO [stdout]                                at libcore/iter/iterator.rs:1695
Dec 01 20:14:55.982 INFO [stdout]   15:     0x563aaa327286 - <core::iter::Map<I, F> as core::iter::iterator::Iterator>::fold::h9404514084646063
Dec 01 20:14:55.982 INFO [stdout]                                at libcore/iter/mod.rs:1345
Dec 01 20:14:55.982 INFO [stdout]   16:     0x563aaa32383e - core::iter::iterator::Iterator::for_each::h022ebd981e18dabe
Dec 01 20:14:55.982 INFO [stdout]                                at libcore/iter/iterator.rs:614
Dec 01 20:14:55.982 INFO [stdout]   17:     0x563aaa2f36c0 - <alloc::vec::Vec<T> as alloc::vec::SpecExtend<T, I>>::spec_extend::h01065ec041567a8c
Dec 01 20:14:55.982 INFO [stdout]                                at liballoc/vec.rs:1831
Dec 01 20:14:55.982 INFO [stdout]   18:     0x563aaa2f4033 - <alloc::vec::Vec<T> as alloc::vec::SpecExtend<T, I>>::from_iter::hee0262ef113e0912
Dec 01 20:14:55.982 INFO [stdout]                                at liballoc/vec.rs:1814
Dec 01 20:14:55.982 INFO [stdout]   19:     0x563aaa2f40fa - <alloc::vec::Vec<T> as core::iter::traits::FromIterator<T>>::from_iter::h571ca7d51f18d5ee
Dec 01 20:14:55.982 INFO [stdout]                                at liballoc/vec.rs:1700
Dec 01 20:14:55.982 INFO [stdout]   20:     0x563aaa32374a - core::iter::iterator::Iterator::collect::h10feae2e0d17bf09
Dec 01 20:14:55.982 INFO [stdout]                                at libcore/iter/iterator.rs:1476
Dec 01 20:14:55.982 INFO [stdout]   21:     0x563aaa31bed7 - ffizer::plan::h0524563211d7a7fa
Dec 01 20:14:55.982 INFO [stdout]                                at src/lib.rs:119
Dec 01 20:14:55.982 INFO [stdout]   22:     0x563aaa31b78f - ffizer::process::h987f31e15e0ff944
Dec 01 20:14:55.982 INFO [stdout]                                at src/lib.rs:105
Dec 01 20:14:55.982 INFO [stdout]   23:     0x563aaa23979e - ffizer::main::hbc4bc02060eb9710
Dec 01 20:14:55.982 INFO [stdout]                                at src/main.rs:38
Dec 01 20:14:55.982 INFO [stdout]   24:     0x563aaa23f2ef - std::rt::lang_start::{{closure}}::h0bb8b75a524c5f14
Dec 01 20:14:55.982 INFO [stdout]                                at libstd/rt.rs:74
Dec 01 20:14:55.982 INFO [stdout]   25:     0x563aab00e642 - std::panicking::try::do_call::h52e7f80ff0fdcc45
Dec 01 20:14:55.982 INFO [stdout]                                at libstd/rt.rs:59
Dec 01 20:14:55.982 INFO [stdout]                                at libstd/panicking.rs:310
Dec 01 20:14:55.982 INFO [stdout]   26:     0x563aab020c19 - __rust_maybe_catch_panic
Dec 01 20:14:55.982 INFO [stdout]                                at libpanic_unwind/lib.rs:102
Dec 01 20:14:55.982 INFO [stdout]   27:     0x563aaaff30ea - std::rt::lang_start_internal::h38cae898de7f805c
Dec 01 20:14:55.982 INFO [stdout]                                at libstd/panicking.rs:289
Dec 01 20:14:55.982 INFO [stdout]                                at libstd/panic.rs:392
Dec 01 20:14:55.982 INFO [stdout]                                at libstd/rt.rs:58
Dec 01 20:14:55.982 INFO [stdout]   28:     0x563aaa23f2c8 - std::rt::lang_start::ha1ff3619cd5eddf5
Dec 01 20:14:55.982 INFO [stdout]                                at libstd/rt.rs:74
Dec 01 20:14:55.982 INFO [stdout]   29:     0x563aaa2398e9 - main
Dec 01 20:14:55.982 INFO [stdout]   30:     0x7f292a49682f - __libc_start_main
Dec 01 20:14:55.982 INFO [stdout]   31:     0x563aaa22ed98 - _start
Dec 01 20:14:55.982 INFO [stdout]   32:                0x0 - <unknown>
Dec 01 20:14:55.982 INFO [stdout] ```
Dec 01 20:14:55.982 INFO [stdout] command=`"/target/x86_64-unknown-linux-gnu/debug/ffizer" "--x-always_default_value" "--confirm" "never" "--destination" "/tmp/.tmpBBlVIR" "--source" "./tests/test_1/template"`
Dec 01 20:14:55.982 INFO [stdout] code=101
Dec 01 20:14:55.982 INFO [stdout] stdout=``````
Dec 01 20:14:55.982 INFO [stdout] stderr=```thread 'main' panicked at 'TODO: RenderError(RenderError { desc: "Variable \"project_name\" not found in strict mode.", template_name: None, line_no: Some(1), column_no: Some(7), cause: None })
Dec 01 20:14:55.982 INFO [stdout] 
Dec 01 20:14:55.982 INFO [stdout] stack backtrace:
Dec 01 20:14:55.982 INFO [stdout]    0:     0x563aaafce9b6 - backtrace::backtrace::libunwind::trace::had4ebf0a94b8591b
Dec 01 20:14:55.982 INFO [stdout]                         at /cargo-home/registry/src/github.com-1ecc6299db9ec823/backtrace-0.3.9/src/backtrace/libunwind.rs:53
Dec 01 20:14:55.982 INFO [stdout]                          - backtrace::backtrace::trace::h659d7626af6f8eb7
Dec 01 20:14:55.982 INFO [stdout]                         at /cargo-home/registry/src/github.com-1ecc6299db9ec823/backtrace-0.3.9/src/backtrace/mod.rs:42
Dec 01 20:14:55.982 INFO [stdout]    1:     0x563aaafc9073 - backtrace::capture::Backtrace::new_unresolved::h813232bb4d6800de
Dec 01 20:14:55.982 INFO [stdout]                         at /cargo-home/registry/src/github.com-1ecc6299db9ec823/backtrace-0.3.9/src/capture.rs:88
Dec 01 20:14:55.982 INFO [stdout]    2:     0x563aaafc79d3 - failure::backtrace::internal::InternalBacktrace::new::h6bc8b949faa1e221
Dec 01 20:14:55.982 INFO [stdout]                         at /cargo-home/registry/src/github.com-1ecc6299db9ec823/failure-0.1.3/src/backtrace/internal.rs:44
Dec 01 20:14:55.982 INFO [stdout]    3:     0x563aaafc6edc - failure::backtrace::Backtrace::new::hf51fba118ef80f03
Dec 01 20:14:55.982 INFO [stdout]                         at /cargo-home/registry/src/github.com-1ecc6299db9ec823/failure-0.1.3/src/backtrace/mod.rs:111
Dec 01 20:14:55.982 INFO [stdout]    4:     0x563aaa365ab9 - <failure::error::error_impl::ErrorImpl as core::convert::From<F>>::from::hc48734ac540f383b
Dec 01 20:14:55.982 INFO [stdout]                         at /cargo-home/registry/src/github.com-1ecc6299db9ec823/failure-0.1.3/src/error/error_impl.rs:19
Dec 01 20:14:55.982 INFO [stdout]    5:     0x563aaa310347 - <failure::error::Error as core::convert::From<F>>::from::ha483d1596e9578cd
Dec 01 20:14:55.982 INFO [stdout]                         at /cargo-home/registry/src/github.com-1ecc6299db9ec823/failure-0.1.3/src/error/mod.rs:36
Dec 01 20:14:55.982 INFO [stdout]    6:     0x563aaa320167 - ffizer::compute_dst_path::{{closure}}::hf3be503c9e138991
Dec 01 20:14:55.982 INFO [stdout]                         at src/lib.rs:272
Dec 01 20:14:55.982 INFO [stdout]    7:     0x563aaa330174 - <core::result::Result<T, E>>::and_then::hb3812ed1ee7f591c
Dec 01 20:14:55.982 INFO [stdout]                         at libcore/result.rs:647
Dec 01 20:14:55.982 INFO [stdout]    8:     0x563aaa31f3eb - ffizer::compute_dst_path::h5d7bb24ebaf691f6
Dec 01 20:14:55.982 INFO [stdout]                         at src/lib.rs:266
Dec 01 20:14:55.982 INFO [stdout]    9:     0x563aaa31c14c - ffizer::plan::{{closure}}::hf6c9555975517027
Dec 01 20:14:55.982 INFO [stdout]                         at src/lib.rs:122
Dec 01 20:14:55.982 INFO [stdout]   10:     0x563aaa327388 - <core::iter::Map<I, F> as core::iter::iterator::Iterator>::fold::{{closure}}::h6f1aee62df13bbdf
Dec 01 20:14:55.982 INFO [stdout]                         at libcore/iter/mod.rs:1345
Dec 01 20:14:55.982 INFO [stdout]   11:     0x563aaa363989 - core::iter::iterator::Iterator::fold::{{closure}}::h8bc5ff6a1c647513
Dec 01 20:14:55.982 INFO [stdout]                         at libcore/iter/iterator.rs:1695
Dec 01 20:14:55.982 INFO [stdout]   12:     0x563aaa2f1730 - core::iter::iterator::Iterator::try_fold::h59a939cd071be244
Dec 01 20:14:55.982 INFO [stdout]                         at libcore/iter/iterator.rs:1583
Dec 01 20:14:55.982 INFO [stdout]   13:     0x563aaa2f14bf - core::iter::iterator::Iterator::fold::h27aebae24364ea2c
Dec 01 20:14:55.982 INFO [stdout]                         at libcore/iter/iterator.rs:1695
Dec 01 20:14:55.982 INFO [stdout]   14:     0x563aaa327286 - <core::iter::Map<I, F> as core::iter::iterator::Iterator>::fold::h9404514084646063
Dec 01 20:14:55.983 INFO [stdout]                         at libcore/iter/mod.rs:1345
Dec 01 20:14:55.983 INFO [stdout]   15:     0x563aaa32383e - core::iter::iterator::Iterator::for_each::h022ebd981e18dabe
Dec 01 20:14:55.983 INFO [stdout]                         at libcore/iter/iterator.rs:614
Dec 01 20:14:55.983 INFO [stdout]   16:     0x563aaa2f36c0 - <alloc::vec::Vec<T> as alloc::vec::SpecExtend<T, I>>::spec_extend::h01065ec041567a8c
Dec 01 20:14:55.983 INFO [stdout]                         at liballoc/vec.rs:1831
Dec 01 20:14:55.983 INFO [stdout]   17:     0x563aaa2f4033 - <alloc::vec::Vec<T> as alloc::vec::SpecExtend<T, I>>::from_iter::hee0262ef113e0912
Dec 01 20:14:55.983 INFO [stdout]                         at liballoc/vec.rs:1814
Dec 01 20:14:55.983 INFO [stdout]   18:     0x563aaa2f40fa - <alloc::vec::Vec<T> as core::iter::traits::FromIterator<T>>::from_iter::h571ca7d51f18d5ee
Dec 01 20:14:55.983 INFO [stdout]                         at liballoc/vec.rs:1700
Dec 01 20:14:55.983 INFO [stdout]   19:     0x563aaa32374a - core::iter::iterator::Iterator::collect::h10feae2e0d17bf09
Dec 01 20:14:55.983 INFO [stdout]                         at libcore/iter/iterator.rs:1476
Dec 01 20:14:55.983 INFO [stdout]   20:     0x563aaa31bed7 - ffizer::plan::h0524563211d7a7fa
Dec 01 20:14:55.983 INFO [stdout]                         at src/lib.rs:119
Dec 01 20:14:55.983 INFO [stdout]   21:     0x563aaa31b78f - ffizer::process::h987f31e15e0ff944
Dec 01 20:14:55.983 INFO [stdout]                         at src/lib.rs:105
Dec 01 20:14:55.983 INFO [stdout]   22:     0x563aaa23979e - ffizer::main::hbc4bc02060eb9710
Dec 01 20:14:55.983 INFO [stdout]                         at src/main.rs:38
Dec 01 20:14:55.983 INFO [stdout]   23:     0x563aaa23f2ef - std::rt::lang_start::{{closure}}::h0bb8b75a524c5f14
Dec 01 20:14:55.983 INFO [stdout]                         at libstd/rt.rs:74
Dec 01 20:14:55.983 INFO [stdout]   24:     0x563aab00e642 - std::rt::lang_start_internal::{{closure}}::h2e176feebc4ae499
Dec 01 20:14:55.983 INFO [stdout]                         at libstd/rt.rs:59
Dec 01 20:14:55.983 INFO [stdout]                          - std::panicking::try::do_call::h52e7f80ff0fdcc45
Dec 01 20:14:55.983 INFO [stdout]                         at libstd/panicking.rs:310
Dec 01 20:14:55.983 INFO [stdout]   25:     0x563aab020c19 - __rust_maybe_catch_panic
Dec 01 20:14:55.983 INFO [stdout]                         at libpanic_unwind/lib.rs:102
Dec 01 20:14:55.983 INFO [stdout]   26:     0x563aaaff30ea - std::panicking::try::hf1fde00385764432
Dec 01 20:14:55.983 INFO [stdout]                         at libstd/panicking.rs:289
Dec 01 20:14:55.983 INFO [stdout]                          - std::panic::catch_unwind::h924739d5c4bcd80a
Dec 01 20:14:55.983 INFO [stdout]                         at libstd/panic.rs:392
Dec 01 20:14:55.983 INFO [stdout]                          - std::rt::lang_start_internal::h38cae898de7f805c
Dec 01 20:14:55.983 INFO [stdout]                         at libstd/rt.rs:58
Dec 01 20:14:55.983 INFO [stdout]   27:     0x563aaa23f2c8 - std::rt::lang_start::ha1ff3619cd5eddf5
Dec 01 20:14:55.983 INFO [stdout]                         at libstd/rt.rs:74
Dec 01 20:14:55.983 INFO [stdout]   28:     0x563aaa2398e9 - main
Dec 01 20:14:55.983 INFO [stdout]   29:     0x7f292a49682f - __libc_start_main
Dec 01 20:14:55.983 INFO [stdout]   30:     0x563aaa22ed98 - _start
Dec 01 20:14:55.983 INFO [stdout]   31:                0x0 - <unknown>', libcore/result.rs:1009:5
Dec 01 20:14:55.983 INFO [stdout] stack backtrace:
Dec 01 20:14:55.983 INFO [stdout]    0:     0x563aab0087ff - std::sys::unix::backtrace::tracing::imp::unwind_backtrace::h3a8b83e1922cbdde
Dec 01 20:14:55.983 INFO [stdout]                                at libstd/sys/unix/backtrace/tracing/gcc_s.rs:49
Dec 01 20:14:55.983 INFO [stdout]    1:     0x563aab015c67 - std::sys_common::backtrace::print::h00d3155a29b4020f
Dec 01 20:14:55.983 INFO [stdout]                                at libstd/sys_common/backtrace.rs:71
Dec 01 20:14:55.983 INFO [stdout]                                at libstd/sys_common/backtrace.rs:59
Dec 01 20:14:55.983 INFO [stdout]    2:     0x563aab00e53f - std::panicking::default_hook::{{closure}}::hd7465c742e79e1bb
Dec 01 20:14:55.983 INFO [stdout]                                at libstd/panicking.rs:211
Dec 01 20:14:55.983 INFO [stdout]    3:     0x563aab00e2a4 - std::panicking::default_hook::h9e3966f2aa2a6e12
Dec 01 20:14:55.983 INFO [stdout]                                at libstd/panicking.rs:227
Dec 01 20:14:55.983 INFO [stdout]    4:     0x563aab00ec1e - std::panicking::rust_panic_with_hook::h587f091ae747d080
Dec 01 20:14:55.983 INFO [stdout]                                at libstd/panicking.rs:476
Dec 01 20:14:55.983 INFO [stdout]    5:     0x563aab00e7c1 - std::panicking::continue_panic_fmt::hb3a4fdede87f43a8
Dec 01 20:14:55.983 INFO [stdout]                                at libstd/panicking.rs:390
Dec 01 20:14:55.983 INFO [stdout]    6:     0x563aab00e6a5 - rust_begin_unwind
Dec 01 20:14:55.983 INFO [stdout]                                at libstd/panicking.rs:325
Dec 01 20:14:55.983 INFO [stdout]    7:     0x563aab05897c - core::panicking::panic_fmt::h6f9cebf5e7474a0b
Dec 01 20:14:55.983 INFO [stdout]                                at libcore/panicking.rs:77
Dec 01 20:14:55.983 INFO [stdout]    8:     0x563aaa330f8a - core::result::unwrap_failed::h92e883bf78e95644
Dec 01 20:14:55.983 INFO [stdout]                                at libcore/macros.rs:26
Dec 01 20:14:55.983 INFO [stdout]    9:     0x563aaa32b349 - <core::result::Result<T, E>>::expect::h37fadbdd3ade5b19
Dec 01 20:14:55.983 INFO [stdout]                                at libcore/result.rs:835
Dec 01 20:14:55.983 INFO [stdout]   10:     0x563aaa31c17f - ffizer::plan::{{closure}}::hf6c9555975517027
Dec 01 20:14:55.983 INFO [stdout]                                at src/lib.rs:122
Dec 01 20:14:55.983 INFO [stdout]   11:     0x563aaa327388 - <core::iter::Map<I, F> as core::iter::iterator::Iterator>::fold::{{closure}}::h6f1aee62df13bbdf
Dec 01 20:14:55.983 INFO [stdout]                                at libcore/iter/mod.rs:1345
Dec 01 20:14:55.983 INFO [stdout]   12:     0x563aaa363989 - core::iter::iterator::Iterator::fold::{{closure}}::h8bc5ff6a1c647513
Dec 01 20:14:55.983 INFO [stdout]                                at libcore/iter/iterator.rs:1695
Dec 01 20:14:55.983 INFO [stdout]   13:     0x563aaa2f1730 - core::iter::iterator::Iterator::try_fold::h59a939cd071be244
Dec 01 20:14:55.983 INFO [stdout]                                at libcore/iter/iterator.rs:1583
Dec 01 20:14:55.983 INFO [stdout]   14:     0x563aaa2f14bf - core::iter::iterator::Iterator::fold::h27aebae24364ea2c
Dec 01 20:14:55.983 INFO [stdout]                                at libcore/iter/iterator.rs:1695
Dec 01 20:14:55.983 INFO [stdout]   15:     0x563aaa327286 - <core::iter::Map<I, F> as core::iter::iterator::Iterator>::fold::h9404514084646063
Dec 01 20:14:55.983 INFO [stdout]                                at libcore/iter/mod.rs:1345
Dec 01 20:14:55.983 INFO [stdout]   16:     0x563aaa32383e - core::iter::iterator::Iterator::for_each::h022ebd981e18dabe
Dec 01 20:14:55.983 INFO [stdout]                                at libcore/iter/iterator.rs:614
Dec 01 20:14:55.983 INFO [stdout]   17:     0x563aaa2f36c0 - <alloc::vec::Vec<T> as alloc::vec::SpecExtend<T, I>>::spec_extend::h01065ec041567a8c
Dec 01 20:14:55.983 INFO [stdout]                                at liballoc/vec.rs:1831
Dec 01 20:14:55.983 INFO [stdout]   18:     0x563aaa2f4033 - <alloc::vec::Vec<T> as alloc::vec::SpecExtend<T, I>>::from_iter::hee0262ef113e0912
Dec 01 20:14:55.983 INFO [stdout]                                at liballoc/vec.rs:1814
Dec 01 20:14:55.983 INFO [stdout]   19:     0x563aaa2f40fa - <alloc::vec::Vec<T> as core::iter::traits::FromIterator<T>>::from_iter::h571ca7d51f18d5ee
Dec 01 20:14:55.983 INFO [stdout]                                at liballoc/vec.rs:1700
Dec 01 20:14:55.983 INFO [stdout]   20:     0x563aaa32374a - core::iter::iterator::Iterator::collect::h10feae2e0d17bf09
Dec 01 20:14:55.983 INFO [stdout]                                at libcore/iter/iterator.rs:1476
Dec 01 20:14:55.983 INFO [stdout]   21:     0x563aaa31bed7 - ffizer::plan::h0524563211d7a7fa
Dec 01 20:14:55.983 INFO [stdout]                                at src/lib.rs:119
Dec 01 20:14:55.983 INFO [stdout]   22:     0x563aaa31b78f - ffizer::process::h987f31e15e0ff944
Dec 01 20:14:55.983 INFO [stdout]                                at src/lib.rs:105
Dec 01 20:14:55.983 INFO [stdout]   23:     0x563aaa23979e - ffizer::main::hbc4bc02060eb9710
Dec 01 20:14:55.983 INFO [stdout]                                at src/main.rs:38
Dec 01 20:14:55.983 INFO [stdout]   24:     0x563aaa23f2ef - std::rt::lang_start::{{closure}}::h0bb8b75a524c5f14
Dec 01 20:14:55.983 INFO [stdout]                                at libstd/rt.rs:74
Dec 01 20:14:55.984 INFO [stdout]   25:     0x563aab00e642 - std::panicking::try::do_call::h52e7f80ff0fdcc45
Dec 01 20:14:55.984 INFO [stdout]                                at libstd/rt.rs:59
Dec 01 20:14:55.984 INFO [stdout]                                at libstd/panicking.rs:310
Dec 01 20:14:55.984 INFO [stdout]   26:     0x563aab020c19 - __rust_maybe_catch_panic
Dec 01 20:14:55.984 INFO [stdout]                                at libpanic_unwind/lib.rs:102
Dec 01 20:14:55.984 INFO [stdout]   27:     0x563aaaff30ea - std::rt::lang_start_internal::h38cae898de7f805c
Dec 01 20:14:55.984 INFO [stdout]                                at libstd/panicking.rs:289
Dec 01 20:14:55.984 INFO [stdout]                                at libstd/panic.rs:392
Dec 01 20:14:55.984 INFO [stdout]                                at libstd/rt.rs:58
Dec 01 20:14:55.984 INFO [stdout]   28:     0x563aaa23f2c8 - std::rt::lang_start::ha1ff3619cd5eddf5
Dec 01 20:14:55.984 INFO [stdout]                                at libstd/rt.rs:74
Dec 01 20:14:55.984 INFO [stdout]   29:     0x563aaa2398e9 - main
Dec 01 20:14:55.984 INFO [stdout]   30:     0x7f292a49682f - __libc_start_main
Dec 01 20:14:55.984 INFO [stdout]   31:     0x563aaa22ed98 - _start
Dec 01 20:14:55.984 INFO [stdout]   32:                0x0 - <unknown>
Dec 01 20:14:55.984 INFO [stdout] ```
Dec 01 20:14:55.984 INFO [stdout] ', /cargo-home/registry/src/github.com-1ecc6299db9ec823/assert_cmd-0.10.2/src/assert.rs:154:13
Dec 01 20:14:55.984 INFO [stdout] stack backtrace:
Dec 01 20:14:55.984 INFO [stdout]    0:     0x55dc07d202af - std::sys::unix::backtrace::tracing::imp::unwind_backtrace::h3a8b83e1922cbdde
Dec 01 20:14:55.984 INFO [stdout]                                at libstd/sys/unix/backtrace/tracing/gcc_s.rs:49
Dec 01 20:14:55.984 INFO [stdout]    1:     0x55dc07d2d007 - std::sys_common::backtrace::print::h00d3155a29b4020f
Dec 01 20:14:55.984 INFO [stdout]                                at libstd/sys_common/backtrace.rs:71
Dec 01 20:14:55.984 INFO [stdout]                                at libstd/sys_common/backtrace.rs:59
Dec 01 20:14:55.984 INFO [stdout]    2:     0x55dc07d25aef - std::panicking::default_hook::{{closure}}::hd7465c742e79e1bb
Dec 01 20:14:55.984 INFO [stdout]                                at libstd/panicking.rs:211
Dec 01 20:14:55.984 INFO [stdout]    3:     0x55dc07d257ee - std::panicking::default_hook::h9e3966f2aa2a6e12
Dec 01 20:14:55.984 INFO [stdout]                                at libstd/panicking.rs:221
Dec 01 20:14:55.984 INFO [stdout]    4:     0x55dc07d261ce - std::panicking::rust_panic_with_hook::h587f091ae747d080
Dec 01 20:14:55.984 INFO [stdout]                                at libstd/panicking.rs:476
Dec 01 20:14:55.984 INFO [stdout]    5:     0x55dc07d25d71 - std::panicking::continue_panic_fmt::hb3a4fdede87f43a8
Dec 01 20:14:55.984 INFO [stdout]                                at libstd/panicking.rs:390
Dec 01 20:14:55.984 INFO [stdout]    6:     0x55dc07d25cbe - std::panicking::begin_panic_fmt::h387afc7da9a10555
Dec 01 20:14:55.984 INFO [stdout]                                at libstd/panicking.rs:345
Dec 01 20:14:55.984 INFO [stdout]    7:     0x55dc07cd0ab7 - assert_cmd::assert::Assert::success::h66abac91c8f0264d
Dec 01 20:14:55.984 INFO [stdout]                                at /cargo-home/registry/src/github.com-1ecc6299db9ec823/assert_cmd-0.10.2/src/assert.rs:154
Dec 01 20:14:55.984 INFO [stdout]    8:     0x55dc07becf12 - e2e::test_1::h60bdd1ff05142475
Dec 01 20:14:55.984 INFO [stdout]                                at tests/e2e.rs:50
Dec 01 20:14:55.984 INFO [stdout]    9:     0x55dc07bec58d - e2e::test_1::{{closure}}::h9969ed20fb208969
Dec 01 20:14:55.984 INFO [stdout]                                at tests/e2e.rs:41
Dec 01 20:14:55.984 INFO [stdout]   10:     0x55dc07be9d1d - core::ops::function::FnOnce::call_once::h3a7d7fbfe0a840f3
Dec 01 20:14:55.984 INFO [stdout]                                at libcore/ops/function.rs:238
Dec 01 20:14:55.984 INFO [stdout]   11:     0x55dc07bf1ace - <F as alloc::boxed::FnBox<A>>::call_box::hac903f91577a156c
Dec 01 20:14:55.984 INFO [stdout]                                at libtest/lib.rs:1468
Dec 01 20:14:55.984 INFO [stdout]                                at libcore/ops/function.rs:238
Dec 01 20:14:55.984 INFO [stdout]                                at liballoc/boxed.rs:672
Dec 01 20:14:55.984 INFO [stdout]   12:     0x55dc07d37fb9 - __rust_maybe_catch_panic
Dec 01 20:14:55.984 INFO [stdout]                                at libpanic_unwind/lib.rs:102
Dec 01 20:14:55.984 INFO [stdout]   13:     0x55dc07c13722 - std::sys_common::backtrace::__rust_begin_short_backtrace::hb8f0d0309526c184
Dec 01 20:14:55.984 INFO [stdout]                                at libstd/panicking.rs:289
Dec 01 20:14:55.984 INFO [stdout]                                at libstd/panic.rs:392
Dec 01 20:14:55.984 INFO [stdout]                                at libtest/lib.rs:1423
Dec 01 20:14:55.984 INFO [stdout]                                at libstd/sys_common/backtrace.rs:136
Dec 01 20:14:55.984 INFO [stdout]   14:     0x55dc07c141d4 - std::panicking::try::do_call::hc2f7c8b9a348d8db
Dec 01 20:14:55.984 INFO [stdout]                                at libstd/thread/mod.rs:409
Dec 01 20:14:55.984 INFO [stdout]                                at libstd/panic.rs:313
Dec 01 20:14:55.984 INFO [stdout]                                at libstd/panicking.rs:310
Dec 01 20:14:55.984 INFO [stdout]   15:     0x55dc07d37fb9 - __rust_maybe_catch_panic
Dec 01 20:14:55.984 INFO [stdout]                                at libpanic_unwind/lib.rs:102
Dec 01 20:14:55.984 INFO [stdout]   16:     0x55dc07c0140c - <F as alloc::boxed::FnBox<A>>::call_box::h6bfded618e480b32
Dec 01 20:14:55.984 INFO [stdout]                                at libstd/panicking.rs:289
Dec 01 20:14:55.984 INFO [stdout]                                at libstd/panic.rs:392
Dec 01 20:14:55.984 INFO [stdout]                                at libstd/thread/mod.rs:408
Dec 01 20:14:55.984 INFO [stdout]                                at liballoc/boxed.rs:672
Dec 01 20:14:55.984 INFO [stdout]   17:     0x55dc07d229ed - std::sys_common::thread::start_thread::h4c28257d67cdf9cb
Dec 01 20:14:55.984 INFO [stdout]                                at liballoc/boxed.rs:682
Dec 01 20:14:55.984 INFO [stdout]                                at libstd/sys_common/thread.rs:24
Dec 01 20:14:55.984 INFO [stdout]   18:     0x55dc07d14905 - std::sys::unix::thread::Thread::new::thread_start::hfecb2e7eff8fd34f
Dec 01 20:14:55.984 INFO [stdout]                                at libstd/sys/unix/thread.rs:90
Dec 01 20:14:55.984 INFO [stdout]   19:     0x7ff2355ba6b9 - start_thread
Dec 01 20:14:55.984 INFO [stdout]   20:     0x7ff235adb41c - clone
Dec 01 20:14:55.984 INFO [stdout]   21:                0x0 - <unknown>
Dec 01 20:14:55.984 INFO [stdout] 
Dec 01 20:14:55.985 INFO [stdout] 
Dec 01 20:14:55.985 INFO [stdout] failures:
Dec 01 20:14:55.985 INFO [stdout]     test_1
Dec 01 20:14:55.985 INFO [stdout] 
Dec 01 20:14:55.985 INFO [stdout] test result: FAILED. 2 passed; 1 failed; 0 ignored; 0 measured; 0 filtered out
Dec 01 20:14:55.986 INFO [stdout] 
Dec 01 20:14:55.994 INFO [stderr] error: test failed, to rerun pass '--test e2e'
Dec 01 20:14:55.996 INFO [stderr] su: No module specific data is present
Dec 01 20:14:57.565 INFO running `"docker" "inspect" "f7eb5765276dfe76553ce1040d603524c86838e1164890c0d44d19763d0c2c4d"`
Dec 01 20:14:57.891 INFO running `"docker" "rm" "-f" "f7eb5765276dfe76553ce1040d603524c86838e1164890c0d44d19763d0c2c4d"`
Dec 01 20:14:58.259 INFO [stdout] f7eb5765276dfe76553ce1040d603524c86838e1164890c0d44d19763d0c2c4d
